o base 7
-11113652
Convert 1233132203 (base 4) to base 7.
3611141
1262467 (base 8) to base 6
11324555
Convert 51332440 (base 7) to base 14.
7dab90
Convert 100100001010010001001 (base 2) to base 6.
41221401
Convert -1082714 (base 9) to base 13.
-176935
Convert -1104bc (base 13) to base 5.
-100310220
Convert 22202410 (base 5) to base 10.
194105
What is 1100111111011000 (base 2) in base 13?
1b2ac
Convert -1011224413 (base 5) to base 11.
-1183a37
-2650235 (base 9) to base 5
-332401200
What is 4441401332 (base 5) in base 13?
2022426
Convert 1aa46 (base 14) to base 15.
151a3
What is -83a36 (base 16) in base 8?
-2035066
What is 114101455 (base 6) in base 15?
2c84d2
-2345d (base 16) to base 15
-2cc1c
Convert 1135304 (base 7) to base 4.
203002211
-12120022110122 (base 3) to base 10
-2958623
What is -56946 (base 10) in base 8?
-157162
Convert -1026626 (base 11) to base 5.
-430401313
Convert -2102201020102 (base 3) to base 7.
-13664621
Convert -15859 (base 14) to base 11.
-37454
Convert -66049 (base 12) to base 8.
-407271
1d27a (base 15) to base 5
11020230
What is -7b80d3 (base 14) in base 16?
-403b49
11100100100000011 (base 2) to base 8
344403
What is 42303000 (base 5) in base 6?
11324324
-ce38e (base 16) to base 3
-1120220200200
What is a25aa8 (base 12) in base 14?
4a1928
-5ca6 (base 16) to base 10
-23718
Convert 316534 (base 7) to base 10.
55150
What is 2052ad (base 15) in base 12?
62103a
27d7c (base 14) to base 12
4914a
What is 1013155 (base 8) in base 6?
5424113
What is -28d4d5 (base 15) in base 10?
-1968725
12ac22 (base 15) to base 8
3330123
1e559 (base 16) to base 2
11110010101011001
What is -11203103 (base 6) in base 13?
-c0078
2001202221210 (base 3) to base 14
208133
Convert 2820098 (base 10) to base 9.
5267402
205063 (base 7) to base 2
1000101000101110
What is -164556 (base 9) in base 14?
-29147
What is 27214700 (base 8) in base 16?
5d19c0
What is 101110110101001101 (base 2) in base 14?
4dc97
500665 (base 7) to base 14
22a6c
What is -154530502 (base 6) in base 9?
-6202822
What is ac724 (base 16) in base 2?
10101100011100100100
-205b8 (base 15) to base 16
-19094
What is 121202000020 (base 3) in base 8?
1203452
1601841 (base 9) to base 12
369491
What is -17845 (base 9) in base 3?
-121221112
What is 11000120120221 (base 3) in base 11?
122a725
-302103344 (base 5) to base 15
-18c834
What is 267737 (base 11) in base 2?
1100110100100111000
Convert 10000101101010001 (base 2) to base 6.
1244453
Convert -1333313050 (base 6) to base 4.
-331133330112
-130122010 (base 5) to base 4
-2121231332
Convert -5214253 (base 7) to base 16.
-98c68
Convert -cbc84 (base 13) to base 8.
-1320613
What is -642342 (base 8) in base 7?
-1551420
232586 (base 11) to base 7
3065633
What is -366542 (base 11) in base 4?
-2031200310
Convert 422121 (base 5) to base 2.
11011011010100
4156036 (base 7) to base 6
14425421
What is 566557 (base 9) in base 8?
1226762
Convert 101132234 (base 5) to base 2.
1100100011110110001
Convert 2200211130 (base 4) to base 11.
40a200
Convert 21023020311 (base 4) to base 8.
11131065
-11011100010110111 (base 2) to base 7
-646634
What is -2757b2 (base 12) in base 14?
-12db82
Convert -1281806 (base 9) to base 12.
-29b096
3b0f8 (base 16) to base 4
323003320
Convert -110011021010 (base 3) to base 13.
-84c00
Convert -181468 (base 9) to base 4.
-123200030
-143a440 (base 13) to base 2
-11000011111011110001010
-1370424 (base 11) to base 6
-122311155
402761 (base 9) to base 2
111010001011000100
What is 28034 (base 12) in base 16?
d828
-100000101010001111 (base 2) to base 13
-48b75
Convert -201200012020 (base 3) to base 11.
-244a37
What is 2129702 (base 10) in base 8?
10077446
1526306 (base 7) to base 13
73cb8
92f6 (base 16) to base 7
214454
What is 414ca5 (base 15) in base 6?
150312332
4ef9cf (base 16) to base 5
2311111014
What is -41073e (base 15) in base 3?
-12210222100112
301041221 (base 5) to base 15
1879ab
What is -6553 (base 7) in base 14?
-bd3
Convert -105068 (base 10) to base 3.
-12100010102
-c6151 (base 16) to base 9
-1465854
Convert -26c89a (base 15) to base 12.
-75b301
What is -4144340 (base 5) in base 7?
-404231
What is -2003131102 (base 4) in base 6?
-15312454
-2318 (base 16) to base 15
-29de
Convert 7672177 (base 9) to base 11.
2365948
Convert b8d58 (base 14) to base 10.
447154
-4131407 (base 9) to base 13
-5c2b82
Convert -184224 (base 10) to base 8.
-547640
1a284b (base 12) to base 4
1300200323
Convert 13125302 (base 7) to base 5.
301344323
Convert -100142343 (base 5) to base 14.
-a4766
303213223 (base 4) to base 14
570a7
Convert -3078 (base 12) to base 4.
-1102130
-13002133 (base 4) to base 7
-150025
-3334133 (base 5) to base 9
-88426
Convert 2341569 (base 11) to base 3.
21200122002211
-54123000 (base 7) to base 16
-465b85
Convert -323a03 (base 12) to base 5.
-200411340
-107a5a (base 11) to base 14
-467a3
Convert -555552411 (base 6) to base 5.
-10034430413
Convert 5c1306 (base 16) to base 3.
102100120100020
What is -285636 (base 10) in base 16?
-45bc4
What is 3a188 (base 14) in base 8?
427234
13c010c (base 13) to base 8
27760521
Convert 88179 (base 15) to base 7.
3450315
930996 (base 14) to base 7
60065346
Convert 3116545 (base 8) to base 7.
10012164
222032333 (base 4) to base 11
108a75
Convert 996527 (base 13) to base 14.
6a0854
Convert 2959a21 (base 12) to base 7.
130551664
2001513 (base 6) to base 7
540141
14633 (base 8) to base 13
2ca3
Convert -1a2b53 (base 13) to base 16.
-a1eb8
Convert 3705822 (base 9) to base 5.
1003340404
What is -1042444 (base 10) in base 15?
-158d14
Convert -54b55 (base 13) to base 10.
-153522
Convert 124188b (base 14) to base 4.
201123132103
Convert -101001011100110101 (base 2) to base 3.
-22121220012
-100100001110000101100 (base 2) to base 9
-2208053
Convert 10124445 (base 6) to base 12.
120725
Convert 12214410 (base 5) to base 3.
12221021222
What is c7d81 (base 15) in base 13?
192865
255713 (base 10) to base 16
3e6e1
Convert -6528690 (base 10) to base 4.
-120321322302
1648d (base 14) to base 4
31213231
What is -32607104 (base 9) in base 16?
-f0a687
What is -40907 (base 10) in base 8?
-117713
What is b86d (base 16) in base 13?
1864a
Convert 211032541 (base 6) to base 7.
43240015
Convert 321525 (base 8) to base 16.
1a355
What is 3525443 (base 9) in base 6?
104511150
What is -1222200012 (base 3) in base 12?
-1a788
1010101100001100111 (base 2) to base 11
21a215
What is -152531031 (base 6) in base 2?
-1100010001000011111011
322241 (base 12) to base 11
4a0953
-126b76 (base 13) to base 7
-3525105
-14a02c (base 13) to base 9
-853188
What is -4411652 (base 7) in base 4?
-2010003203
-11410402434 (base 5) to base 15
-129222e
-11381 (base 12) to base 6
-254241
Convert -10121110111 (base 3) to base 6.
-1304534
What is 3041011 (base 8) in base 5?
201201322
Convert -f92b (base 16) to base 13.
-23059
What is 13211763 (base 8) in base 12?
ba5757
9715898 (base 10) to base 11
5536775
What is 17038033 (base 10) in base 5?
13330204113
2573393 (base 12) to base 14
d9aaab
2516840 (base 10) to base 2
1001100110011101101000
What is -1837a (base 11) in base 14?
-9547
What is 100101102001000 (base 3) in base 6?
254523513
Convert e3db9 (base 15) to base 13.
1c3806
What is -4093a65 (base 11) in base 5?
-3322121122
What is -52576 (base 15) in base 3?
-111021011210
Convert 20102102111020 (base 3) to base 8.
15013037
-106544 (base 8) to base 5
-2124241
What is 245502010 (base 6) in base 4?
102020003112
Convert -30302111 (base 5) to base 11.
-157387
Convert 3342555 (base 7) to base 12.
17b673
27bb1 (base 13) to base 12
37148
What is -210451 (base 7) in base 16?
-8d97
-102611242 (base 7) to base 3
-102111002212011
What is -11011011001111011100 (base 2) in base 4?
-3123033130
What is 38966 (base 14) in base 13?
4b3a6
13d14 (base 16) to base 7
455440
Convert 30433333 (base 8) to base 5.
3121432241
What is 1000001001011111110 (base 2) in base 6?
5420050
What is -2456186 (base 9) in base 15?
-1b5e96
Convert 110010210212 (base 3) to base 15.
4ac18
Convert -54613 (base 13) to base 14.
-3d899
What is -59d7 (base 16) in base 6?
-254251
What is -340657 (base 13) in base 10?
-1229209
Convert 3321022 (base 7) to base 11.
259a30
-42645005 (base 8) to base 6
-523353205
-574375 (base 8) to base 7
-1440653
Convert -6065328 (base 9) to base 13.
-8920a9
What is 566